-f**3 - 9*f**2 - f - 8. Let g be w(-9). Suppose -11 = -2*j + 7. Let a(s) = -7*s**2 - 3 - s**3 - j*s**3 + 6*s**2 + 4. What is a(g)?
-10
Let l(j) = 68*j - 32 - 28*j - 27*j - 18*j + 6. What is l(8)?
-66
Suppose 132*n - 1214 = -422. Let r(h) = -2*h**2 + 18*h - 29. Determine r(n).
7
Let i = 995 - 687. Let j = 299 - i. Let r(x) = x**3 + 9*x**2 - x - 10. What is r(j)?
-1
Let w(f) = -f**3 + f**2 - f + 3. Let x = 18939 - 18934. Determine w(x).
-102
Let p(k) = 10*k**3 - 3*k**2 - 42*k - 40. Let a be p(-1). Let l(z) = -z**3 - 11*z**2 + 7*z + 27. What is l(a)?
-50
Let b be 12/9 + ((-116)/6 - -12). Let j(h) be the third derivative of -h**5/60 - h**4/6 + 7*h**3/6 - h**2. Give j(b).
-5
Let x be (-94666)/(-198) + (-4)/36. Let y = 475 - x. Let q(k) = k**2 - 3. What is q(y)?
6
Let w be ((-714)/(-294))/(2/(-14)*-1). Let t(b) = -2*b**2 + b**2 + w + 3*b - 5*b - 8*b. Calculate t(-12).
-7
Let q(d) = -d**3 - 7*d**2 - 7. Suppose 0 = -3*i - 3. Let h be (1 - 4)*(2 + -1). Let l be -1 + h + (i - 1) + -1. Give q(l).
-7
Suppose -6 + 16 = -2*i. Let o(f) = f - 1. Let m(u) = -2*u + 9. Let r be 28/(-5) - 10/25. Let a(s) = r*o(s) - m(s). Calculate a(i).
17
Let s(t) be the first derivative of 1/60*t**5 + 0*t - 12*t**3 + 1/8*t**4 + 25 + 0*t**2. Let v(h) be the third derivative of s(h). Calculate v(3).
9
Let a be ((-7)/(-7))/((-6)/30). Let g(t) be the second derivative of 3*t + 0 - 1/6*t**3 + 0*t**2. Calculate g(a).
5
Let n(a) = -5 + 10*a + 1 - 15*a - a**2. Let o(i) = 2*i + 2. Let l(h) = n(h) - o(h). Calculate l(-4).
6
Let l = 2193 - 2187. Let n(v) = -6*v + 16. Calculate n(l).
-20
Let c(v) be the third derivative of v**5/15 - v**4/8 - v**3/6 - 21*v**2. Let m be c(-1). Let o(n) = m*n**2 - 8*n**2 + 5*n - 6 + 11. What is o(5)?
-20
Let g(d) = -d**2 - 1. Let v(t) = 2*t**2 - 7*t + 16. Suppose 9*o - 215 = -206. Let x(s) = o*v(s) + 3*g(s). Give x(-9).
-5
Let z(p) = -p - 6. Let d(u) = -18*u - 109. Let s be d(-6). Let m be (2*s/6)/((-5)/(-135)). Give z(m).
3
Suppose 64*a - 18 = 127*a - 60*a. Let s(n) = 29*n + 2. Let b(v) = -10*v - 1. Let z(d) = 8*b(d) + 3*s(d). What is z(a)?
-44
Let d be (-4)/(-10) - (-72)/20. Suppose 3*b = 3*y - 3051, 2*y + 3*y = 3*b + 5079. Let j(v) = v - 1014 + y. Calculate j(d).
4
Let o(a) = 4*a**2 - 29*a - 32. Let w(l) = -3*l**2 + 29*l + 31. Let n(g) = 2*o(g) + 3*w(g). Let d be n(30). Let z(b) = b. What is z(d)?
-1
Let a(d) = -5*d - 2*d + 4*d + 9. Let z(t) be the third derivative of -5*t**4/24 + 7*t**3/3 + 74*t**2 - 1. Let l(i) = -8*a(i) + 5*z(i). Calculate l(5).
-7
Let d(m) = -2*m + 25. Suppose g = -6 - 7. Let j(r) be the second derivative of 2*r**3/3 - 51*r**2/2 + 2*r + 159. Let n(q) = g*d(q) - 6*j(q). Determine n(13).
7
Let j(z) be the second derivative of 13/6*z**3 + 4*z - 5 - 3/2*z**2 - 1/12*z**4. What is j(9)?
33
Let y(s) = 12*s + 6 - 11*s - 2 + 3 + 3. Give y(-21).
-11
Let s(n) = -9*n + 78. Suppose 0 = 4*z, c = -2*z + 3*z - 3*z + 9. Calculate s(c).
-3
Let c(a) = -a + 4. Let j(g) = -g**3 - 9*g**2 - 6*g + 17. Let y be j(-8). Suppose -f = y - 3. Let v(w) = -5*w + 22. Let b(q) = f*v(q) - 11*c(q). What is b(3)?
3
Let b(i) = i. Let w(r) = -6*r + 5. Suppose -3*s - 36 = 18. Let l = 13 + s. Let d(y) = l*b(y) - w(y). Determine d(5).
0
Let d(s) = s**2 - 8*s - 5. Suppose 77 = 7*a - 7. Suppose -3*m = 5*j - 29, -16*m = -a*m - 4*j - 28. Determine d(m).
-5
Let m be (-68)/(-918) - (1180/(-108) - -5). Let h(c) = 15*c - 40. Determine h(m).
50
Let h(w) = -5*w**2 + 45*w - 14. Suppose -4*m - 3*o + 57 = 0, -26*o - 29 = -4*m - 25*o. What is h(m)?
-14
Let h(c) = -c**3 + 2*c**2 + 3*c + 4. Let u be h(0). Let g = -4 + 26. Let m(o) = -10*o**2 - 13*o**2 + g*o**2 + 2 + 2*o - o. Calculate m(u).
-10
Let b(j) be the third derivative of j**4/8 - 630*j**2. Suppose -4*d + 0*n = n - 22, -19 = -3*d - 2*n. Calculate b(d).
15
Let s(h) be the third derivative of h**4/12 + 7*h**3/3 - h**2. Suppose -3*i = -3*f - 3, 6*f + 5*i + 30 + 31 = 0. Calculate s(f).
2
Let m(p) = -7*p**2 - 11*p - 4. Let u(f) be the second derivative of -f**4/2 - 5*f**3/3 - 3*f**2/2 - f + 14. Let i(v) = -5*m(v) + 6*u(v). What is i(-4)?
6
Let w(b) = 55*b + 1544. Let d be w(-28). Let v(m) = m**3 + m**2 - 3*m - 1. Calculate v(d).
67
Suppose -309*b = -305*b - 60. Let v(l) = l - 24. What is v(b)?
-9
Let g(i) be the third derivative of -5*i**4/24 - 34*i**3/3 + 512*i**2 - i. Calculate g(-16).
12
Let b(y) = 4*y - 20. Suppose 9*s + 137 + 12 = 14. Determine b(s).
-80
Let j be (-94)/5499*-13 - (-1 - -3)/(-72). Let o(a) be the first derivative of -1/2*a**2 + 31 + 0*a**3 - 2*a - j*a**4. Calculate o(0).
-2
Let u = -28 - -30. Suppose 0 = -0*a + 3*a - 21. Let d(r) = a*r + 32*r**u - 6 + 1 - 1 - 33*r**2. Calculate d(6).
0
Let s(a) = -2*a**2 + 44*a + 262. Let n be s(-5). Let y(m) = m**3 + 9*m**2 + 20*m + 77. What is y(n)?
-19
Let f(z) = -3*z + 3. Let w(k) = -82*k**3 - 3*k**2 + 12*k - 15. Let g be w(2). Let t = 656 + g. Give f(t).
12
Let c(l) be the second derivative of l**5/20 + 3*l**4/4 - l**3/3 - l**2/2 - 42005*l. Suppose 2*z - 5*z = 27. Give c(z).
17
Let o(w) = 5*w - 31*w - 1 + 2 + 5*w - 14*w. Give o(1).
-34
Let l(h) = -55 + 2*h**2 + 51 + 5 - 3*h**2. Let o(z) be the second derivative of -7*z**4/12 + z**3 + 7*z**2/2 + 2*z. Let t(i) = -6*l(i) + o(i). What is t(5)?
6
Let f be 4 + 9*1/3. Let n(h) be the third derivative of -h**6/240 + h**5/40 + 31*h**4/24 - 12*h**2. Let o(u) be the second derivative of n(u). What is o(f)?
-18
Let w(z) = 4*z + 1. Let l = 25 + 6. Suppose 4*q + 224 = 12*q. Suppose -a - l = -q. What is w(a)?
-11
Let z(r) = -r**3 - 10*r**2 + r - 2. Let c(s) = -3*s**3 - 7*s**2 + 4*s - 10. Let o be c(0). What is z(o)?
-12
Let x(t) = t**2 + t + 6. Let d be ((-9)/4)/(2 + 18/(-8)). Suppose -9*z = -d*z + 7*z. What is x(z)?
6
Let v(p) = 3*p**2 + 125*p + 34. Let c(w) = -w**2 - 31*w - 8. Let b(u) = -17*c(u) - 4*v(u). Give b(-4).
-28
Let s(b) be the third derivative of -b**6/120 - b**5/6 + 7*b**4/24 + 73*b**3/6 - 1994*b**2. Calculate s(-10).
3
Let q(d) = d**2 + 6*d + 7. Suppose 0 = -5*y - i + 4*i + 165, -4*y = -4*i - 124. Suppose 0 = -9*k - 0*k - y. Determine q(k).
-1
Let x(v) = 16*v**2 - 74*v + 199. Let w(a) = 3*a**2 - 15*a + 38. Let k(d) = -11*w(d) + 2*x(d). Give k(8).
52
Let t(a) = a**2 - 22*a + 22. Let n be (52/(-10) - 31/(-155))*(-126)/30. Give t(n).
1
Let g(q) = -q**2 + 2 + 2*q + q + 2. Suppose -3*t + 15 = -4*j, 2*j - 4 - 21 = -5*t. Suppose -t*u - 14*u = -95. What is g(u)?
-6
Let g(v) = -5*v**2 + 76*v - 3*v - 82*v + 10*v + 2*v**2. Suppose -6*l + 5 = -l. Calculate g(l).
-2
Let l(q) = 7*q**2 - 3*q + 27. Let j(z) = 5*z**2 + 3*z - 23. Let c(p) = -p**2 + 1. Let m(f) = -18*c(f) - 2*j(f). Let x(d) = 7*l(d) - 6*m(d). Calculate x(-14).
7
Let v(l) = -3*l + 10 - 5*l + l - 6*l + 0*l. Determine v(4).
-42
Let n(g) = -2*g**3 - 6*g**2 + 10*g - 9. Let t(l) = l**3 - l**2. Let m be -4 + 7/((-42)/(-18)). Let o(a) = m*n(a) - 3*t(a). What is o(8)?
-7
Let h = -75 - -80. Suppose 6*y - 4*y = 5*k, h*y = -k + 27. Let r(m) = -m**3 + 4*m**2 + 4*m + 6. Determine r(y).
1
Let r(g) = 37 - g**3 - 2*g**2 + 34 + 5*g**2 + 2*g - 75 - g. Let i(j) = 2*j - 9. Let l be i(6). Calculate r(l).
-1
Let n(g) = -g**3 + 3*g**2 - 6. Suppose -2*a - i = 8, -4*i - 282 = -4*a - 286. Give n(a).
48
Let y(g) = g + 1. Let o be y(2). Let z(i) = 10 - i - 6 - 6 + o*i. Give z(-4).
-10
Let a(f) = 2*f**3 - 3*f + 4. Let v be -7 - (22 - 15 - 11). Determine a(v).
-41
Let f = -400 - -395. Let p(n) = 9*n + 25. Calculate p(f).
-20
Let p(x) = -3*x. Let n be 127 + 1 + (3 - (-2 + 1)). Let q = 248 - n. Let m = q - 118. What is p(m)?
6
Let x(q) = -391*q**3 - 114 - 4*q + 121 + 392*q**3 + 10*q**2. What is x(-11)?
-70
Let t(v) = -2*v**3 + 20*v**2 + 3*v - 10. Let g be ((-3)/(-2))/(117/780). What is t(g)?
20
Let t(b) be the second derivative of -1/2*b**3 - 77*b + 1/4*b**5 - 3/2*b**2 + 0*b**4 + 0. Determine t(-2).
-37
Let m(t) = 5*t + 13. Suppose -153*a - 19*a + 1218 = 31*a. Give m(a).
43
Suppose -15*b - 88 = -11*b. Let l = 25 + b. Let c(i) = i**2 - 7*i**2 + 8*i - l + 5*i**2. What is c(6)?
9
Let y(n) = -n**2 + 37*n - 20. Let d be y(36). Suppose q - 27 = 4*a, d*a + 11 = 14*a + q. Let j(m) = m**2 + 11*m + 18. What is j(a)?
-6
Let b(f) = -f**3 - 5*f**2 - 4*f - 4. Suppose 72 + 348 = 10*y. Let o be y/(-8) - (-1)/(-4)*-1. What is b(o)?
16
Suppose -2*a + 2*x = -12, 2*a - 40 = -0*a - 5*x. Suppose -a = -3*c + 5. Let j(r) = -c*r - r +